910*m - 110781. Determine d(58).
-1
Let n(y) = 7*y**2 + 30*y - 141. Determine n(-8).
67
Let z(q) = 9*q**3 - 5*q**2 - 11*q - 8. What is z(-2)?
-78
Let i(s) = -20*s**2 + 123*s - 16. Calculate i(6).
2
Let w(k) = -k**3 - 15*k**2 - 50*k + 19. Calculate w(-8).
-29
Let z(y) = -5*y**2 + 43*y - 32. Calculate z(7).
24
Let w(z) = -80*z**2 + 470*z - 1. Give w(6).
-61
Let j(h) = 820*h + 9860. What is j(-12)?
20
Let h(s) = -39*s + 1270. Give h(33).
-17
Let x(n) = -46*n + 48. Give x(5).
-182
Let c(v) = -9*v**3 + v**2 - 2. Calculate c(-2).
74
Let x(p) = -14*p + 506. Give x(39).
-40
Let g(o) = 429*o + 4397. Give g(-10).
107
Let l(b) = 74*b + 1708. Calculate l(-23).
6
Let t(f) = 67*f - 1951. Calculate t(29).
-8
Let w(i) = 86*i + 584. Determine w(-7).
-18
Let b(h) = 3*h**3 - 2*h**2 - 8*h - 8. Calculate b(-4).
-200
Let q(t) = -2*t**3 - 42*t**2 + 4*t + 68. Give q(-21).
-16
Let c(v) = -4*v**2 - 11*v - 38. Determine c(-5).
-83
Let r(s) = -s**2 - 3985*s + 161006. What is r(40)?
6
Let i(y) = -135*y - 38. Give i(-3).
367
Let l(u) = -u**3 + 2*u**2 + 97*u - 41. Give l(10).
129
Let c(f) = -85*f - 236. What is c(-3)?
19
Let c(q) = q**2 - 54*q - 48539. Give c(249).
16
Let h(g) = 6*g + 310. Give h(-51).
4
Let c(a) = 463*a - 2780. Give c(6).
-2
Let u(g) = g**3 - 7*g**2 + 3*g + 1. Give u(7).
22
Let y(w) = w**3 - 2*w**2 + 2*w + 271. What is y(0)?
271
Let n(c) = 74*c - 1329. Give n(18).
3
Let q(p) = -129*p - 8909. Determine q(-69).
-8
Let w(z) = -314*z + 1260. Calculate w(4).
4
Let p(g) = -176*g**2 - 370*g - 37. Calculate p(-2).
-1
Let i(c) = c**3 + c**2 - 42*c - 106. Give i(-3).
2
Let g(l) = 175*l - 1006. Determine g(6).
44
Let x(o) = o**3 - 9*o**2 - 33*o - 70. What is x(12)?
-34
Let w(g) = -1360*g - 6789. Calculate w(-5).
11
Let m(q) = q**3 + 10*q**2 - q + 36. Determine m(-10).
46
Let r(f) = 387*f - 2326. Calculate r(6).
-4
Let c(k) = -133*k - 2385. Calculate c(-18).
9
Let b(o) = -o**2 + 55*o + 1010. Calculate b(70).
-40
Let l(o) = 2*o**3 - 130*o**2 - 421*o + 891. Determine l(68).
7
Let l(i) = -1944*i - 33021. Calculate l(-17).
27
Let q(b) = -b**3 - 8*b**2 - 86*b - 672. What is q(-8)?
16
Let u(z) = -255*z - 1043. Determine u(-4).
-23
Let i(u) = -u**3 - 55*u**2 - 108*u - 134. Determine i(-53).
-28
Let l(d) = 653*d - 6546. Give l(10).
-16
Let y(b) = -2*b - 6. Give y(-46).
86
Let v(q) = -6262*q - 18795. Give v(-3).
-9
Let t(x) = -2*x**3 + 24*x**2 - 38*x - 222. What is t(7)?
2
Let a(k) = 2*k**3 - 87*k**2 - 130*k - 226. Determine a(45).
-1
Let l(j) = j**3 + 6*j**2 - 52*j - 30. Determine l(-13).
-537
Let c(o) = -235*o - 472. Determine c(-2).
-2
Let o(v) = 2*v**3 - 33*v**2 - 56*v - 15. Determine o(18).
-51
Let p(b) = 1487*b + 2962. Give p(-2).
-12
Let d(s) = -1129*s + 9045. Determine d(8).
13
Let n(g) = -89*g + 9527. Determine n(107).
4
Let u(c) = c**3 - 14*c**2 + 14*c + 9. Give u(12).
-111
Let j(k) = 2107*k + 14747. Calculate j(-7).
-2
Let g(d) = -140*d - 854. What is g(-4)?
-294
Let r(b) = -36*b**3 - 1793*b**2 + 351*b + 44. Give r(-50).
-6
Let j(a) = 1331*a + 26626. Calculate j(-20).
6
Let l(p) = 169*p + 3381. What is l(-20)?
1
Let y(s) = 9*s**2 - 259*s + 838. Calculate y(25).
-12
Let w(h) = -2051*h - 45112. Give w(-22).
10
Let m(c) = 21*c - 1406. Calculate m(66).
-20
Let h(r) = 2*r - 52. Determine h(28).
4
Let c(h) = -h**3 + 12*h**2 + 10*h - 32. Determine c(6).
244
Let x(t) = -278*t + 3878. Calculate x(14).
-14
Let f(d) = -177*d - 1122. Calculate f(-6).
-60
Let h(v) = v**3 + 6*v**2 - 1696*v - 6817. Determine h(-4).
-1
Let b(t) = -10*t**2 - 522*t - 101. What is b(-52)?
3
Let l(k) = -112*k + 3289. Give l(29).
41
Let t(u) = -5*u**2 + 159*u. Determine t(0).
0
Let o(u) = -u**3 + 2*u**2 + 2*u + 11. What is o(0)?
11
Let y(v) = 5*v**2 - 148*v + 362. Give y(27).
11
Let j(a) = -3*a**3 - 36*a - 13. Determine j(0).
-13
Let c(w) = -w**3 + 35*w**2 + 34*w + 43. What is c(36)?
-29
Let j(i) = -63*i + 1203. What is j(19)?
6
Let u(c) = c**3 + 45*c**2 - 105*c - 556. Give u(-47).
-39
Let s(z) = 3*z**3 - 37*z**2 - 19*z - 54. Give s(13).
37
Let p(q) = -q**3 - 16*q**2 - 106*q - 489. What is p(-10)?
-29
Let c(m) = -3*m**2 + 3*m + 33. Determine c(6).
-57
Let c(o) = -40*o**2 + 134*o + 101. What is c(4)?
-3
Let c(w) = -1887*w + 1879. Determine c(1).
-8
Let d(w) = -267*w - 38441. Determine d(-144).
7
Let i(p) = -107*p + 53. Give i(1).
-54
Let g(d) = -153*d - 3982. Give g(-26).
-4
Let s(v) = -297*v + 1538. Calculate s(5).
53
Let n(r) = -22*r**2 - 108*r - 49. Determine n(-1).
37
Let k(d) = -2*d**3 - 32*d**2 - 3*d - 2. What is k(-16)?
46
Let c(b) = 7*b + 54. Determine c(-21).
-93
Let t(h) = h**2 - 38*h - 2678. Calculate t(-36).
-14
Let r(i) = -133*i - 18216. Calculate r(-137).
5
Let i(k) = -2974*k + 47587. What is i(16)?
3
Let k(r) = -30*r**2 - 292*r + 93. Determine k(-10).
13
Let x(b) = -b**2 + 35*b - 81. Calculate x(28).
115
Let x(w) = 8*w**2 + 320*w - 2. What is x(-40)?
-2
Let k(l) = 38*l - 112. What is k(-2)?
-188
Let j(d) = -2*d**3 - 26*d**2 + 66*d + 47. Determine j(-15).
-43
Let o(l) = -l**3 - 31*l**2 - 53*l + 104. What is o(-29)?
-41
Let w(q) = -3*q**3 + 8*q**2 + 9*q - 82. Determine w(5).
-212
Let u(q) = -15*q**2 - 5*q + 2. What is u(1)?
-18
Let r(h) = 25*h**2 + 11*h. Calculate r(-3).
192
Let k(x) = 2*x**3 - 3*x**2 - 2*x - 158. Calculate k(0).
-158
Let p(g) = -g**3 - 38*g**2 - 63*g + 275. Calculate p(-36).
-49
Let k(o) = 53*o - 81. Give k(-3).
-240
Let l(i) = -5*i**2 - 51*i - 643. Determine l(-11).
-687
Let k(v) = 178*v - 14063. Calculate k(79).
-1
Let z(n) = -4*n**3 + 519*n**2 - 1893*n + 382. What is z(126)?
4
Let w(s) = s**3 - 39*s**2 - 10*s + 3109. What is w(37)?
1
Let g(t) = t**2 + 224*t + 12351. Determine g(-98).
3
Let a(l) = 154*l - 6001. Determine a(39).
5
Let l(k) = -16*k + 753. Calculate l(47).
1
Let i(s) = -s**3 + 15*s**2 - 43*s + 79. What is i(12)?
-5
Let b(w) = -2*w**3 + 4*w**2 + 18*w - 67. Calculate b(3).
-31
Let l(r) = r**2 + 15*r - 11. What is l(-27)?
313
Let j(q) = -275*q + 3571. Give j(13).
-4
Let t(b) = -1341*b - 9359. Calculate t(-7).
28
Let j(k) = k**2 - 765*k - 6189. Give j(-8).
-5
Let g(i) = i**3 - 81*i**2 - 1328*i + 35. Determine g(-14).
7
Let y(h) = h**3 - 3*h**2 + 148*h - 428. Determine y(3).
16
Let o(x) = -x**3 + 5*x**2 + 23*x - 40. Give o(8).
-48
Let n(d) = d**2 - 521*d + 13785. Determine n(28).
-19
Let n(w) = -w**3 - 16*w**2 - 46*w + 19. Calculate n(-11).
-80
Let o(s) = -1399*s**2 - 6992*s + 12. What is o(-5)?
-3
Let k(p) = 58*p - 5395. What is k(93)?
-1
Let u(l) = -3*l**2 + 181*l - 43. Determine u(61).
-165
Let n(c) = -c**3 - 11*c**2 - 6*c - 9. Give n(-9).
-117
Let a(o) = -700*o - 18765. Determine a(-27).
135
Let q(k) = -60*k + 413. Give q(7).
-7
Let s(w) = 60*w**2 + 10*w - 7. Give s(1).
63
Let v(c) = -84*c**2 - 131*c - 9. Give v(-2).
-83
Let z(f) = -259*f + 3374. Determine z(13).
7
Let j(o) = -8*o**2 + 59*o - 465. Calculate j(7).
-444
Let i(y) = -109*y**2 - 646*y + 5. Give i(-6).
-43
Let l(h) = 3*h**2 - 241*h + 71. Calculate l(80).
-9
Let f(c) = -c**3 - 11*c**2 - 10*c + 40. Determine f(-10).
40
Let l(d) = -4*d**2 - 29*d + 28. What is l(-8)?
4
Let p(o) = o**3 + 3*o**2 - 19*o + 7. Determine p(0).
7
Let l(v) = v**3 + 37*v**2 + 37*v - 30. Determine l(-36).
-66
Let j(x) = -x**3 + 2*x**2 - 19*x + 2. Calculate j(6).
-256
Let b(i) = -8*i - 47. Determine b(-11).
41
Let u(c) = -5*c**2 + 97*c + 53. What is u(19)?
91
Let c(h) = 417*h + 40027. Give c(-96).
-5
Let o(x) = -9*x**2 - 36*x - 40. Give o(-11).
-733
Let r(n) = n**2 + 164*n - 11506. Calculate r(-217).
-5
Let v(m) = 158*m**2 - 7*m + 15. Determine v(2).
633
Let r(o) = -o**2 - 49*o - 499. What is r(-10)?
-109
Let y(k) = 3*k**2 + 26*k - 40. Give y(-11).
37
Let z(a) = -9*a**2 - 40*a + 16. Give z(-6).
-68
Let g(q) = -5*q**3 + 3*q**2 + 717*q + 6. Give g(0).
6
Let b(j) = -539*j - 1622. Give b(-3).
-5
Let j(x) = x**3 - 21*x**2 + 113*x - 26. Give j(12).
34
Let l(g) = 6*g - 28. Determine l(0).
-28
Let s(c) = -c**3 - c**2 + 82*c + 229. Determine s(-3).
1
Let o(w) = -402*w + 3225. Give o(8).
9
Let u(m) = -75*m + 1302. What is u(22)?
-348
Let r(o) = -o**3 - 18*o**2 + 15*o - 53. Calculate r(-19).
23
Let k(q) = -411*q + 14. What is k(0)?
14
Let u(g) = -805*g - 8052. Determine u(-10).
-2
Let z(g) = g**3 + 12*g**2 - 4163*g - 57886. Calculate z(-14).
4
Let t(h) = 10221*h + 40866. Calculate t(-4).
-18
Let h(z) = -4*z - 19. What is h(9)?
-55
Let 